e x(q).
-7
Let q(j) = 826 - 281 + 28*j + 218. What is q(-27)?
7
Let f(c) = -640 - c**2 - 596 + 1211 + 3*c. Determine f(0).
-25
Suppose -378 = 2*k - m, -3*k - m - 450 = 127. Let r = -185 - k. Let p(w) = 3*w + 1. What is p(r)?
19
Let q(z) = 10*z + 74*z**3 + 11 + 6*z**2 - 49*z**3 - 30*z**3. Let w(v) = -v**3 + v + 1. Let f(m) = q(m) - 4*w(m). Give f(7).
0
Let y = -598 - -589. Let h be 210/(-45) + 3/y. Let a(t) = -2*t - 10. Give a(h).
0
Let b(n) = n**3 - n + 16. Let z = 5631 + -5631. Determine b(z).
16
Let m(v) = -43 - 2*v + 54 - 4. Calculate m(3).
1
Let q(j) be the first derivative of 3*j**2/2 + 46*j - 3029. Determine q(-6).
28
Let o(r) = 13 + 0*r**3 - r**3 + 9*r + 4*r**2 - 33 + 2*r**2. Let k be o(7). Let x(y) be the second derivative of -y**3/6 - 13*y**2/2 - 153*y. What is x(k)?
-7
Let f(z) = -z**2 - 4*z + 3. Suppose 0 = -3*t + 4*t. Suppose -4*j + 8*j = 5*k - 14, 3*k - 5*j + 2 = t. Suppose -4*c - 8 = -5*r - 20, r = -c - k. Give f(r).
3
Let i(n) = 28*n + 22*n + 32*n + 33*n - 22 + 31*n - 147*n. Suppose 2*v + 0 = -20. Give i(v).
-12
Let q(x) = 2*x**3 + 5*x**2 + 2*x. Let o(c) = c**3 - 17*c**2 + 17*c - 6. Let k be o(16). Suppose 2 = 3*l - k. Let i be 22/8 + -3 - 11/l. What is q(i)?
-15
Let t(v) = -v**3 - 11*v**2 + 9*v - 191. Let g be t(-13). Let q(o) = o**2 - 34*o + 127. What is q(g)?
7
Let v(y) = 1 + 0*y**2 - 3 - y**2 - y. Let r = -416 + 422. Suppose -6 = 3*x + 3*c, 7*x + 2*c + 2 = r*x. What is v(x)?
-4
Let i(x) = x + 6. Let o(j) = 7*j**3 + 16*j**2 + 5*j + 12. Let l(z) = -3*z**3 - 9*z**2 - 2*z - 6. Let n(r) = 5*l(r) + 2*o(r). Let g be n(-13). Determine i(g).
0
Let h be ((-5)/(-10))/((-2)/(-116)). Let k = h + -81. Let v = 47 + k. Let t(g) = -g**3 - 5*g**2 + g + 7. Determine t(v).
2
Let h(g) = -9*g + 2. Let m be h(-7). Let y = 67 - m. Suppose y*o = 9*o - 63. Let w(j) = -j + 15. Calculate w(o).
6
Let u(b) be the first derivative of -b**2/2 - 17*b + 12. Suppose -17*w - 51 = 51. Give u(w).
-11
Let u(k) = -2*k + 4. Let x(v) = -2*v + 4. Let b(n) = -4*u(n) + 5*x(n). Let z = 12 + -9. Suppose 3*j + z*m = j + 20, 4*m - 16 = 0. Determine b(j).
-4
Suppose -2*h - 4*i + 109 = 37, 0 = 3*i - 12. Suppose -3*y = -3*b - 27, -2*b = 2*y + b - h. Let t(d) = -12*d - 17*d + 41*d - 3 - y*d. Calculate t(-4).
-7
Suppose 3*t - 21 = a, -2*a + 12*t = 13*t. Let k(q) = 12*q + 10. Determine k(a).
-26
Suppose 4*m - 185 = 37*m + 4*m. Let c(i) = i**3 + 8*i**2 + 14*i + 5. What is c(m)?
10
Suppose g = -3*m + 16, -6*m + 2*m = -5*g - 15. Let r(w) = -13861*w**3 + 13862*w**3 - 2 - 81*w + 82*w - w**2. Give r(g).
-1
Let k be -4 + -2 + 7 + -5. Let a be (k - (0 + 0))*(-18)/4. Let f be 2*1 + -4*9/a. Let c(n) = -n + 5. What is c(f)?
5
Let y(w) = -13*w + 256 - 84 - 83 - 84 - w**2 + 12*w. Suppose -2 = -3*h + 4. Suppose -h*x = -6 + 14. Determine y(x).
-7
Let m = 49 - 45. Suppose 3 - m = c. Let w be 12/(-9)*(5/(-2) - c). Let v(j) = j**2 + 2*j - 1. Determine v(w).
7
Suppose 4*x - 20 = 2*t + 3*t, 0 = -5*x + 4*t + 34. Suppose 6 = x*s - 8*s. Let n(k) = s + 0 - 5 + 3*k - 5*k. What is n(2)?
-6
Let c(y) be the first derivative of 3*y**2 + 2*y + 179. Give c(-1).
-4
Let v(s) be the third derivative of s**6/120 - 11*s**5/60 + 5*s**4/12 - 7*s**3/3 + 711*s**2 - 4*s. Let l be (-38)/(-4) + (-2)/(-4). What is v(l)?
-14
Let m(x) = -3 + 112*x - 11*x**2 - 25*x - 93*x. Determine m(-1).
-8
Let x = 356 + -354. Suppose y + x*f = -14, 9*y + 22 = 7*y - 2*f. Let a(q) = 2*q**2 + 10*q + 5. Calculate a(y).
53
Let y(a) = -a**3 + 7*a**2 - a + 12. Let c(p) = -52*p + 527. Let r be c(10). Calculate y(r).
5
Let m(j) = j**2 + 13*j - 20. Let p(z) = z**3 - 14*z**2 + 24*z + 12. Let f be p(12). Let b be (-4)/((-9)/((-378)/f)). Determine m(b).
-6
Let y = 3973 + -3984. Let s(p) = -p**2 - 12*p - 12. What is s(y)?
-1
Let s(h) = -5*h - 12 - 1 - 180*h**2 - h**3 - 229*h**2 + 400*h**2. Give s(-9).
32
Let l(i) = 10*i**2 + 7*i - 10. Let n be l(-7). Suppose -n = -5*o - 2*u, 5*o + 3*u - 434 = -0*u. Let x(a) = 6*a - 3*a**2 - 84*a**3 + o*a**3 - 5*a**2. Give x(7).
-7
Let s(v) = -2*v**2 - v - 1. Let a(k) = -k - 6. Let t be a(-9). Suppose -9 = -n - t*i, n + 5*i - 11 - 6 = 0. Let d be (40/15 + n)*3. Calculate s(d).
-2
Let i = -1752 + 1748. Suppose 4*r = 9 + 3. Let f(t) = 5*t - 2 - r - t. Determine f(i).
-21
Let m = 16630 + -16636. Let c(t) = -3*t**2 - 13*t - 5. Let z(v) = 7*v**2 + 27*v + 9. Let x(d) = 5*c(d) + 2*z(d). Calculate x(m).
23
Let o(v) = -v**2 - 4*v + 5. Let i = 5749 - 5753. Calculate o(i).
5
Let y(w) be the second derivative of -w**5/10 - 2*w**4/3 + w**3/3 + 7*w**2/2 - 2*w + 50. Calculate y(-4).
-1
Let y(i) be the third derivative of i**4/3 + 59*i**3/6 + 213*i**2. What is y(-6)?
11
Let n(x) = x**2 - 12*x + 8. Let l be n(6). Let c = l - -33. Let q(u) = 1 + 13*u + c + 1 - 4. Determine q(-2).
-23
Let q(z) = 3*z**2 - 7*z - 53. Let g(n) = 4*n**2 - 8*n - 52. Let c(s) = -2*g(s) + 3*q(s). Let a(o) be the first derivative of c(o). What is a(6)?
7
Let z(c) = -173 + 12*c + 123 + 60. Give z(4).
58
Let s(w) = -3*w**2 + 32*w - 89. Let y be s(6). Let q(i) = -i**2 - 10*i - 21. Give q(y).
4
Let s(u) = 2*u**3 - u**2 + 9*u - 9. Suppose 2*a + 4*o + 22 = 0, -a + 12*o - 10*o = -13. Determine s(a).
1
Let s be -9 - (-5 - 0) - -36. Suppose 37*g = s*g + 305. Let h = g - 66. Let u(k) = -k - 1. Give u(h).
4
Let w(u) be the first derivative of u**4/4 - 5*u**3/3 - 2*u + 1482. Determine w(5).
-2
Let c(k) be the first derivative of k**3/3 - 5*k**2/2 + 3*k + 1. Let h = -571 + 575. Suppose 0 = -q + 3*z + 25 - 15, 0 = q + h*z + 4. Give c(q).
-1
Let t(c) = -c**3 - 6*c**2 - 4*c - 1. Suppose -3*g = 3*q - 2*g - 25, -q + 3*g + 15 = 0. Let f be (-6)/q*(-315)/(-42). Give t(f).
-6
Let z = 46 - -2. Let q = 103 - z. Suppose -3*d + 70 = q. Let r(j) = -2*j**2 + 6*j + 3. Give r(d).
-17
Let m(k) = 4*k + 16*k - 7 - 3*k + 4*k - 9*k. What is m(1)?
5
Let l(k) = 5*k**3 + 3*k**2 + 17*k - 9. Let b(d) = -4*d**3 - d**2 - 16*d + 5. Let n(z) = -6*b(z) - 5*l(z). Let x = 92 - 102. Calculate n(x).
5
Suppose 3*h - 6 = 0, -2*p - 3*h = -3*p + 7. Let x(g) = g - 9044 + 9049 + 0*g. Determine x(p).
18
Let t(q) = -3*q - 45 + q**3 - 34*q + 16*q + 21*q**2 + 49. Calculate t(-22).
-18
Let a(z) be the third derivative of -4/3*z**3 - 1/120*z**6 + 1/4*z**4 - 1/15*z**5 + 0*z - 51 + 2*z**2. What is a(-6)?
28
Let a(i) = 3*i**2 - 9*i - 22. Let j be ((-12)/42 - (-411)/(-105)) + (-94)/(-470). Determine a(j).
62
Let m(p) be the first derivative of -5*p + 95. Let t(r) = r - 27. Let j(f) = 3*m(f) - t(f). Give j(12).
0
Let p(i) = 57 + 55 + 4*i**3 + 58 + i - 5*i**2 + 0*i**3 - 165 - 3*i**3. Let x(t) = t**2 + 3*t + 2. Let z be x(-2). Let m be 3 + (2/1 - z). Give p(m).
10
Let y(c) = -5 + c**3 + c + 5 - c**2 + c - 4. Let x(z) = -8*z + 82. Let p be x(10). What is y(p)?
4
Let r = 1274 + -579. Let b(v) = 0*v**3 + v**3 + 11*v**2 + 10*v - r + 697. Calculate b(-10).
2
Suppose -165 + 204 = -3*q. Let g(f) = -f**3 - 14*f**2 - 11*f + 20. Calculate g(q).
-6
Let b(g) = 850*g - 843*g - 15*g**2 - g**3 + 4 + 22*g**2. Suppose 2*z = -0*q + 2*q + 8, -4*z - 5*q + 52 = 0. Give b(z).
-4
Let t(h) = -41*h**3 + 17*h**2 - 6*h + 8. Let u(q) = 10*q**3 - 2*q**2 - q - 1. Let l(n) = -t(n) - 4*u(n). Determine l(8).
12
Let g(c) = -c**3 - 3*c**2 - 2*c - 1. Let j be 1 - (0 - (4 + -1)). Let z be (-4544)/(-355) + (-8)/10. Suppose -j*o = -10*o - z. Determine g(o).
-1
Let v(x) = 4. Let i(m) = 5*m**2 - 5*m - 4. Let k(y) = -i(y) - 3*v(y). Calculate k(4).
-68
Let t(x) = -2*x**2 + 40*x + 189. Let q(a) = 2*a**2 - 42*a - 201. Let k(s) = -16*q(s) - 17*t(s). Calculate k(5).
13
Let n(v) = 2*v - 29. Suppose 0 = 2*j - 2, 2*y + 4*j = 18 + 6. Determine n(y).
-9
Let b(n) = -n**3 + 8 - 2*n + 5*n**2 - n**2 + 2*n**2. Let u = 22880 - 22874. What is b(u)?
-4
Let l(y) = -8*y**2 - 2 - 3*y + 8 - 3 - 5. Let k = 418 + -419. Calculate l(k).
-7
Let x(r) = -7*r**2 + 3*r - 4. Let q(a) = -14*a - 128. Let t be q(-9). Let v(h) = 3*h**2 - 2*h + 3. Let u(b) = t*x(b) - 5*v(b). Give u(6).
-19
Let w(l) be the first derivative of -3*l**4/2 + l**3/3 + l**2 + l + 14564. Suppose 5*a - 3*r + 22 = 2, -5*a + 4*r - 25 = 0. What is w(a)?
6
Let u be (-10)/(-3)*(-36)/15. Let t be (0 - -4)/(3 + -2). Let k(z) = t*z + 0*z + z + 11 - 4*z. Calculate k(u).
3
Let u(j) = -j**3 + 5*j**2 + 6*j - 2. Let f be u(-7). Let s(m) = -6*m - 6*m - f + 543. Suppose 4*q = 3*o + 1, -q + 3*o = 1 + 1. Determine s(q).
-13
Let z(o) be the thir